{"id":459,"date":"2024-11-21T21:25:44","date_gmt":"2024-11-21T20:25:44","guid":{"rendered":"https:\/\/lw-vt.de\/?page_id=459"},"modified":"2026-03-04T21:25:58","modified_gmt":"2026-03-04T20:25:58","slug":"ref-2","status":"publish","type":"page","link":"https:\/\/lw-vt.de\/?page_id=459","title":{"rendered":"Referenzen"},"content":{"rendered":"\n<div class=\"wp-block-group has-global-padding is-layout-constrained wp-block-group-is-layout-constrained\">\n<p class=\"has-medium-font-size\"><strong>Vereinsjubil\u00e4en \/ Festzelte&nbsp;\/ Events<\/strong><\/p>\n\n\n\n<ul class=\"wp-block-list\">\n<li>Raus mit euch &#8211; Open Air Fridolfing 2026, 2025, 2024, 2023, 2022, 2019, &#8230;<\/li>\n\n\n\n<li>Rupertigau-Preisschnalzen &#8211; Kirchansch\u00f6ring 2026<\/li>\n\n\n\n<li>Burschenverein Gr\u00fcntal &#8211; Party 2026, 2024<\/li>\n\n\n\n<li>\u00dc30 &#8211; Fasching Saaldorf 2026, 2025, 2024, 2023, &#8230;<\/li>\n\n\n\n<li>Preisplatteln Lampoding &#8211;  GTEV Roth Kirchansch\u00f6ring 2025, 2023, 2022, &#8230;.<\/li>\n\n\n\n<li>Bierzelt DJK Otting 2025, 2024, 2023, 2022, 2019, &#8230;<\/li>\n\n\n\n<li>Volksfest TSV Palling 2025, 2024, 2023, 2022, 2019, &#8230;<\/li>\n\n\n\n<li>Supermoto Fridolfing 2025, 2024, 2023, 2022, 2019, &#8230;<\/li>\n\n\n\n<li>Musiksommer Tittmoning 2025, 2024, 2023, 2022, 2019, &#8230;<\/li>\n\n\n\n<li>Burschenverein Halsbach &#8211; HD-Party 2025, 2024, 2023, 2022, 2019, &#8230;<\/li>\n\n\n\n<li>Jugendf\u00f6rderverein Otting &#8211; Gl\u00fchkindl-Party 2025, 2024, 2023, 2022, 2019, &#8230;<\/li>\n\n\n\n<li>Fohlenmarkt Alterfing 2025, 2024, 2023, 2022, &#8230;<\/li>\n\n\n\n<li>Burschengaufest Surheim 2025<\/li>\n\n\n\n<li>Feuerwehrfest Taching 2025, 2009<\/li>\n\n\n\n<li>Sportfest Jubil\u00e4um DJK Kammer 2025<\/li>\n\n\n\n<li>Musikfest Steinbr\u00fcnning 2025<\/li>\n\n\n\n<li>Feuerwehrfest Pierling &#8211; Traunwalchen 2025<\/li>\n\n\n\n<li>Burschenparty Fridolfing 2025, 2024<\/li>\n\n\n\n<li>Burschenverein Pierling-Weissenkirchen &#8211; Hofball 2025, 2024, 2023<\/li>\n\n\n\n<li>Maifest Lauter 2024, 2023, 2019, 2018, &#8230;<\/li>\n\n\n\n<li>Musikfest Surheim 2024<\/li>\n\n\n\n<li>Feuerwehrfest Surheim 2024, 2014<\/li>\n\n\n\n<li>Feuerwehrfest Kay 2024<\/li>\n\n\n\n<li>Feuerwehrfest T\u00f6rring 2024<\/li>\n\n\n\n<li>Feuerwehrfest Kirchansch\u00f6ring 2024<\/li>\n\n\n\n<li>Musikfest Feldkirchen 2024<\/li>\n\n\n\n<li>KSK-Fest Weildorf 2024<\/li>\n\n\n\n<li>Bierzelt Feldkirchen (Mitterfelden) 2024, 2023<\/li>\n\n\n\n<li>Burschenverein Kammer &#8211; Damwuid-Party 2024, 2023<\/li>\n\n\n\n<li>Sommerfest TSV Fridolfing 2024, 2023<\/li>\n\n\n\n<li>Feuerwehrfest Freutsmoos 2023<\/li>\n\n\n\n<li>Feuerwehrfest Fridolfing 2023<\/li>\n\n\n\n<li>Feuerwehrfest Lampoding 2023<\/li>\n\n\n\n<li>Bezirksmusikfest Fridolfing 2023<\/li>\n\n\n\n<li>Musikkapelle Weildorf 2023, 2019, &#8230;<\/li>\n\n\n\n<li>B\u00f6llersch\u00fctzenfest Otting 2023<\/li>\n\n\n\n<li>Feuerwehrfest Asten 2023<\/li>\n\n\n\n<li>Feuerwehrfest Tengling 2022<\/li>\n\n\n\n<li>KSK-Fest Lampoding 2022<\/li>\n\n\n\n<li>Trachtenfest GTEV D&#8217;Salzachtaler Fridolfing 2022<\/li>\n\n\n\n<li>Bezirksmusikfest Otting 2022, 2012<\/li>\n\n\n\n<li>Profiboxen Stein an der Traun 2022<\/li>\n<\/ul>\n<\/div>\n\n\n\n<div class=\"wp-block-group has-global-padding is-layout-constrained wp-block-group-is-layout-constrained\">\n<p class=\"has-medium-font-size\"><strong>Weitere Vereinsjubil\u00e4en &#8211; Festzelte<\/strong><\/p>\n\n\n\n<ul class=\"wp-block-list\">\n<li>TSV Traunwalchen<\/li>\n\n\n\n<li>Feuerwehr Freilassing<\/li>\n\n\n\n<li>Feuerwehr Tittmoning<\/li>\n\n\n\n<li>KSK Taching<\/li>\n\n\n\n<li>Feuerwehr Julbach \/ Buch<\/li>\n\n\n\n<li>Maiwiesn Freilassing<\/li>\n\n\n\n<li>Herbstfest Bad Reichenhall<\/li>\n\n\n\n<li>Fr\u00fchlingsfest Traunstein<\/li>\n\n\n\n<li>Volksfest Garching an der Alz<\/li>\n\n\n\n<li>Musikkapelle Tittmoning<\/li>\n\n\n\n<li>Burschenverein Heiligkreuz<\/li>\n\n\n\n<li>Feuerwehr Pietling<\/li>\n\n\n\n<li>GTEV D&#8217;Rupertiwinkler Freilassing &#8211; Salzburhofen<\/li>\n\n\n\n<li>TUS Engelsberg<\/li>\n\n\n\n<li>Andreasbl\u00e4ser Engelsberg<\/li>\n<\/ul>\n<\/div>\n\n\n\n<div class=\"wp-block-group has-global-padding is-layout-constrained wp-block-group-is-layout-constrained\">\n<p class=\"has-medium-font-size\"><strong>K\u00fcnstler und Bands<\/strong><\/p>\n\n\n\n<ul class=\"wp-block-list\">\n<li>Martina Schwarzmann<\/li>\n\n\n\n<li>F\u00e4\u00e4schtb\u00e4nkler<\/li>\n\n\n\n<li>Oimara<\/li>\n\n\n\n<li>BR Brettlspitzn<\/li>\n\n\n\n<li>Keller Steff Band<\/li>\n\n\n\n<li>Da Huawa, da Maier und I<\/li>\n\n\n\n<li>Ringelstetter &amp; Zinner <\/li>\n\n\n\n<li>Willy Astor<\/li>\n\n\n\n<li>Christine Eixenberger<\/li>\n\n\n\n<li>De Scho Wieda<\/li>\n\n\n\n<li>Franz Posch<\/li>\n\n\n\n<li>PS Reloaded<\/li>\n\n\n\n<li>Gimme A Bullet &#8211; AC\/DC Tribute band<\/li>\n\n\n\n<li>Postamt Trio &#8211; Band<\/li>\n\n\n\n<li>Orange Club<\/li>\n\n\n\n<li>7 Promille<\/li>\n\n\n\n<li>\u00c4-Hax<\/li>\n\n\n\n<li>De Greadoia<\/li>\n\n\n\n<li>Chiemgau Quintett<\/li>\n\n\n\n<li>Lackei B\u00f6hmische<\/li>\n\n\n\n<li>Tegenseer Tanzmusi<\/li>\n\n\n\n<li>S\u00f6\u00f6r<\/li>\n\n\n\n<li>Boarisch X<\/li>\n\n\n\n<li>TMK K\u00f6stendorf<\/li>\n\n\n\n<li>Southbrass<\/li>\n\n\n\n<li>Bayernrocker<\/li>\n\n\n\n<li>Brassdorfer<\/li>\n\n\n\n<li>Bayern 1 Disco<\/li>\n\n\n\n<li>DJ Duo Habe &amp; Dere<\/li>\n\n\n\n<li>DJ Lumpi<\/li>\n\n\n\n<li>Saubarln Liveband<\/li>\n\n\n\n<li>The Life Jacks<\/li>\n\n\n\n<li>d&#8216; Jung Ottinger<\/li>\n\n\n\n<li>Django As\u00fcl<\/li>\n<\/ul>\n<\/div>\n\n\n\n<div class=\"wp-block-group has-global-padding is-layout-constrained wp-block-group-is-layout-constrained\">\n<p class=\"has-medium-font-size\"><strong>Firmen \/ Verwaltung<\/strong><\/p>\n\n\n\n<ul class=\"wp-block-list\">\n<li>Rosenberger GmbH<\/li>\n\n\n\n<li>Elektro Maier GmbH<\/li>\n\n\n\n<li>Dr. Joh. Heidenhain GmbH<\/li>\n\n\n\n<li>Bergader Waging am See<\/li>\n\n\n\n<li>Siloking Mayer GmbH<\/li>\n\n\n\n<li>Kreisfeuerwehrverband Traunstein<\/li>\n\n\n\n<li>Gemeinde Taching am See<\/li>\n\n\n\n<li>Stadt Tittmoning<\/li>\n\n\n\n<li>Gemeinde Waging am See<\/li>\n\n\n\n<li>Gemeinde Palling<\/li>\n<\/ul>\n<\/div>\n","protected":false},"excerpt":{"rendered":"<p>Vereinsjubil\u00e4en \/ Festzelte&nbsp;\/ Events Weitere Vereinsjubil\u00e4en &#8211; Festzelte K\u00fcnstler und Bands Firmen \/ Verwaltung<\/p>\n","protected":false},"author":1,"featured_media":0,"parent":0,"menu_order":0,"comment_status":"closed","ping_status":"closed","template":"","meta":{"footnotes":""},"class_list":["post-459","page","type-page","status-publish","hentry"],"_links":{"self":[{"href":"https:\/\/lw-vt.de\/index.php?rest_route=\/wp\/v2\/pages\/459","targetHints":{"allow":["GET"]}}],"collection":[{"href":"https:\/\/lw-vt.de\/index.php?rest_route=\/wp\/v2\/pages"}],"about":[{"href":"https:\/\/lw-vt.de\/index.php?rest_route=\/wp\/v2\/types\/page"}],"author":[{"embeddable":true,"href":"https:\/\/lw-vt.de\/index.php?rest_route=\/wp\/v2\/users\/1"}],"replies":[{"embeddable":true,"href":"https:\/\/lw-vt.de\/index.php?rest_route=%2Fwp%2Fv2%2Fcomments&post=459"}],"version-history":[{"count":8,"href":"https:\/\/lw-vt.de\/index.php?rest_route=\/wp\/v2\/pages\/459\/revisions"}],"predecessor-version":[{"id":532,"href":"https:\/\/lw-vt.de\/index.php?rest_route=\/wp\/v2\/pages\/459\/revisions\/532"}],"wp:attachment":[{"href":"https:\/\/lw-vt.de\/index.php?rest_route=%2Fwp%2Fv2%2Fmedia&parent=459"}],"curies":[{"name":"wp","href":"https:\/\/api.w.org\/{rel}","templated":true}]}}

<div class="wp-block-group has-global-padding is-layout-constrained wp-block-group-is-layout-constrained">
<p class="has-medium-font-size"><strong>Vereinsjubiläen / Festzelte&nbsp;/ Events</strong></p>



<ul class="wp-block-list">
<li>Raus mit euch &#8211; Open Air Fridolfing 2026, 2025, 2024, 2023, 2022, 2019, &#8230;</li>



<li>Rupertigau-Preisschnalzen &#8211; Kirchanschöring 2026</li>



<li>Burschenverein Grüntal &#8211; Party 2026, 2024</li>



<li>Ü30 &#8211; Fasching Saaldorf 2026, 2025, 2024, 2023, &#8230;</li>



<li>Preisplatteln Lampoding &#8211;  GTEV Roth Kirchanschöring 2025, 2023, 2022, &#8230;.</li>



<li>Bierzelt DJK Otting 2025, 2024, 2023, 2022, 2019, &#8230;</li>



<li>Volksfest TSV Palling 2025, 2024, 2023, 2022, 2019, &#8230;</li>



<li>Supermoto Fridolfing 2025, 2024, 2023, 2022, 2019, &#8230;</li>



<li>Musiksommer Tittmoning 2025, 2024, 2023, 2022, 2019, &#8230;</li>



<li>Burschenverein Halsbach &#8211; HD-Party 2025, 2024, 2023, 2022, 2019, &#8230;</li>



<li>Jugendförderverein Otting &#8211; Glühkindl-Party 2025, 2024, 2023, 2022, 2019, &#8230;</li>



<li>Fohlenmarkt Alterfing 2025, 2024, 2023, 2022, &#8230;</li>



<li>Burschengaufest Surheim 2025</li>



<li>Feuerwehrfest Taching 2025, 2009</li>



<li>Sportfest Jubiläum DJK Kammer 2025</li>



<li>Musikfest Steinbrünning 2025</li>



<li>Feuerwehrfest Pierling &#8211; Traunwalchen 2025</li>



<li>Burschenparty Fridolfing 2025, 2024</li>



<li>Burschenverein Pierling-Weissenkirchen &#8211; Hofball 2025, 2024, 2023</li>



<li>Maifest Lauter 2024, 2023, 2019, 2018, &#8230;</li>



<li>Musikfest Surheim 2024</li>



<li>Feuerwehrfest Surheim 2024, 2014</li>



<li>Feuerwehrfest Kay 2024</li>



<li>Feuerwehrfest Törring 2024</li>



<li>Feuerwehrfest Kirchanschöring 2024</li>



<li>Musikfest Feldkirchen 2024</li>



<li>KSK-Fest Weildorf 2024</li>



<li>Bierzelt Feldkirchen (Mitterfelden) 2024, 2023</li>



<li>Burschenverein Kammer &#8211; Damwuid-Party 2024, 2023</li>



<li>Sommerfest TSV Fridolfing 2024, 2023</li>



<li>Feuerwehrfest Freutsmoos 2023</li>



<li>Feuerwehrfest Fridolfing 2023</li>



<li>Feuerwehrfest Lampoding 2023</li>



<li>Bezirksmusikfest Fridolfing 2023</li>



<li>Musikkapelle Weildorf 2023, 2019, &#8230;</li>



<li>Böllerschützenfest Otting 2023</li>



<li>Feuerwehrfest Asten 2023</li>



<li>Feuerwehrfest Tengling 2022</li>



<li>KSK-Fest Lampoding 2022</li>



<li>Trachtenfest GTEV D&#8217;Salzachtaler Fridolfing 2022</li>



<li>Bezirksmusikfest Otting 2022, 2012</li>



<li>Profiboxen Stein an der Traun 2022</li>
</ul>
</div>



<div class="wp-block-group has-global-padding is-layout-constrained wp-block-group-is-layout-constrained">
<p class="has-medium-font-size"><strong>Weitere Vereinsjubiläen &#8211; Festzelte</strong></p>



<ul class="wp-block-list">
<li>TSV Traunwalchen</li>



<li>Feuerwehr Freilassing</li>



<li>Feuerwehr Tittmoning</li>



<li>KSK Taching</li>



<li>Feuerwehr Julbach / Buch</li>



<li>Maiwiesn Freilassing</li>



<li>Herbstfest Bad Reichenhall</li>



<li>Frühlingsfest Traunstein</li>



<li>Volksfest Garching an der Alz</li>



<li>Musikkapelle Tittmoning</li>



<li>Burschenverein Heiligkreuz</li>



<li>Feuerwehr Pietling</li>



<li>GTEV D&#8217;Rupertiwinkler Freilassing &#8211; Salzburhofen</li>



<li>TUS Engelsberg</li>



<li>Andreasbläser Engelsberg</li>
</ul>
</div>



<div class="wp-block-group has-global-padding is-layout-constrained wp-block-group-is-layout-constrained">
<p class="has-medium-font-size"><strong>Künstler und Bands</strong></p>



<ul class="wp-block-list">
<li>Martina Schwarzmann</li>



<li>Fääschtbänkler</li>



<li>Oimara</li>



<li>BR Brettlspitzn</li>



<li>Keller Steff Band</li>



<li>Da Huawa, da Maier und I</li>



<li>Ringelstetter &amp; Zinner </li>



<li>Willy Astor</li>



<li>Christine Eixenberger</li>



<li>De Scho Wieda</li>



<li>Franz Posch</li>



<li>PS Reloaded</li>



<li>Gimme A Bullet &#8211; AC/DC Tribute band</li>



<li>Postamt Trio &#8211; Band</li>



<li>Orange Club</li>



<li>7 Promille</li>



<li>Ä-Hax</li>



<li>De Greadoia</li>



<li>Chiemgau Quintett</li>



<li>Lackei Böhmische</li>



<li>Tegenseer Tanzmusi</li>



<li>Söör</li>



<li>Boarisch X</li>



<li>TMK Köstendorf</li>



<li>Southbrass</li>



<li>Bayernrocker</li>



<li>Brassdorfer</li>



<li>Bayern 1 Disco</li>



<li>DJ Duo Habe &amp; Dere</li>



<li>DJ Lumpi</li>



<li>Saubarln Liveband</li>



<li>The Life Jacks</li>



<li>d&#8216; Jung Ottinger</li>



<li>Django Asül</li>
</ul>
</div>



<div class="wp-block-group has-global-padding is-layout-constrained wp-block-group-is-layout-constrained">
<p class="has-medium-font-size"><strong>Firmen / Verwaltung</strong></p>



<ul class="wp-block-list">
<li>Rosenberger GmbH</li>



<li>Elektro Maier GmbH</li>



<li>Dr. Joh. Heidenhain GmbH</li>



<li>Bergader Waging am See</li>



<li>Siloking Mayer GmbH</li>



<li>Kreisfeuerwehrverband Traunstein</li>



<li>Gemeinde Taching am See</li>



<li>Stadt Tittmoning</li>



<li>Gemeinde Waging am See</li>



<li>Gemeinde Palling</li>
</ul>
</div>

<p>Vereinsjubiläen / Festzelte&nbsp;/ Events Weitere Vereinsjubiläen &#8211; Festzelte Künstler und Bands Firmen / Verwaltung</p>
