{"id":271,"date":"2023-03-30T21:36:11","date_gmt":"2023-03-30T20:36:11","guid":{"rendered":"https:\/\/lw-vt.de\/?page_id=271"},"modified":"2024-12-03T21:16:12","modified_gmt":"2024-12-03T20:16:12","slug":"ueber-uns","status":"publish","type":"page","link":"https:\/\/lw-vt.de\/?page_id=271","title":{"rendered":"\u00dcber Uns"},"content":{"rendered":"\n<p>Leitner und Waldherr GbR wurde in der aktuellen Gesch\u00e4ftsform 2013 durch Markus Leitner und Christian Waldherr gegr\u00fcndet, mit anderen Gesch\u00e4ftsformen sind wir seit mehr als 20 Jahren f\u00fcr Ihre Veranstaltungen am Markt. Christian Waldherr ist bereits seit Mitte der 90er Jahre im Veranstaltungsbereich aktiv, Markus Leitner seit 2001. <\/p>\n\n\n\n<p> <img decoding=\"async\" width=\"150\" height=\"121\" class=\"wp-image-275\" style=\"width: 150px;\" src=\"https:\/\/lw-vt.de\/wp-content\/uploads\/2023\/03\/christian.jpeg\" alt=\"\" srcset=\"https:\/\/lw-vt.de\/wp-content\/uploads\/2023\/03\/christian.jpeg 336w, https:\/\/lw-vt.de\/wp-content\/uploads\/2023\/03\/christian-300x241.jpeg 300w\" sizes=\"(max-width: 150px) 100vw, 150px\" \/>                <\/p>\n\n\n\n<p>Christian Waldherr                                   <\/p>\n\n\n\n<figure class=\"wp-block-image size-full\"><img fetchpriority=\"high\" decoding=\"async\" width=\"231\" height=\"248\" sizes=\"(max-width: min(min( 100vw, calc( 32vw + 32rem ) ), 231px)) 100vw, min(min( 100vw, calc( 32vw + 32rem ) ), 231px)\" src=\"https:\/\/lw-vt.de\/wp-content\/uploads\/2023\/03\/markus.jpeg\" alt=\"\" class=\"wp-image-276\"\/><\/figure>\n\n\n\n<p>Markus Leitner<\/p>\n\n\n\n<p>Zus\u00e4tzlich verf\u00fcgen wir \u00fcber einen Pool an Stagehands und Techniker um Veranstaltungen in den entsprechenden Gr\u00f6\u00dfen durchf\u00fchren zu k\u00f6nnen.<\/p>\n","protected":false},"excerpt":{"rendered":"<p>Leitner und Waldherr GbR wurde in der aktuellen Gesch\u00e4ftsform 2013 durch Markus Leitner und Christian Waldherr gegr\u00fcndet, mit anderen Gesch\u00e4ftsformen sind wir seit mehr als 20 Jahren f\u00fcr Ihre Veranstaltungen am Markt. Christian Waldherr ist bereits seit Mitte der 90er Jahre im Veranstaltungsbereich aktiv, Markus Leitner seit 2001. Christian Waldherr Markus Leitner Zus\u00e4tzlich verf\u00fcgen wir [&hellip;]<\/p>\n","protected":false},"author":1,"featured_media":0,"parent":0,"menu_order":1,"comment_status":"closed","ping_status":"closed","template":"","meta":{"footnotes":""},"class_list":["post-271","page","type-page","status-publish","hentry"],"_links":{"self":[{"href":"https:\/\/lw-vt.de\/index.php?rest_route=\/wp\/v2\/pages\/271","targetHints":{"allow":["GET"]}}],"collection":[{"href":"https:\/\/lw-vt.de\/index.php?rest_route=\/wp\/v2\/pages"}],"about":[{"href":"https:\/\/lw-vt.de\/index.php?rest_route=\/wp\/v2\/types\/page"}],"author":[{"embeddable":true,"href":"https:\/\/lw-vt.de\/index.php?rest_route=\/wp\/v2\/users\/1"}],"replies":[{"embeddable":true,"href":"https:\/\/lw-vt.de\/index.php?rest_route=%2Fwp%2Fv2%2Fcomments&post=271"}],"version-history":[{"count":5,"href":"https:\/\/lw-vt.de\/index.php?rest_route=\/wp\/v2\/pages\/271\/revisions"}],"predecessor-version":[{"id":405,"href":"https:\/\/lw-vt.de\/index.php?rest_route=\/wp\/v2\/pages\/271\/revisions\/405"}],"wp:attachment":[{"href":"https:\/\/lw-vt.de\/index.php?rest_route=%2Fwp%2Fv2%2Fmedia&parent=271"}],"curies":[{"name":"wp","href":"https:\/\/api.w.org\/{rel}","templated":true}]}}

Über Uns

<p>Leitner und Waldherr GbR wurde in der aktuellen Geschäftsform 2013 durch Markus Leitner und Christian Waldherr gegründet, mit anderen Geschäftsformen sind wir seit mehr als 20 Jahren für Ihre Veranstaltungen am Markt. Christian Waldherr ist bereits seit Mitte der 90er Jahre im Veranstaltungsbereich aktiv, Markus Leitner seit 2001. </p>



<p> <img decoding="async" width="150" height="121" class="wp-image-275" style="width: 150px;" src="https://lw-vt.de/wp-content/uploads/2023/03/christian.jpeg" alt="" srcset="https://lw-vt.de/wp-content/uploads/2023/03/christian.jpeg 336w, https://lw-vt.de/wp-content/uploads/2023/03/christian-300x241.jpeg 300w" sizes="(max-width: 150px) 100vw, 150px" />                </p>



<p>Christian Waldherr                                   </p>



<figure class="wp-block-image size-full"><img fetchpriority="high" decoding="async" width="231" height="248" sizes="(max-width: min(min( 100vw, calc( 32vw + 32rem ) ), 231px)) 100vw, min(min( 100vw, calc( 32vw + 32rem ) ), 231px)" src="https://lw-vt.de/wp-content/uploads/2023/03/markus.jpeg" alt="" class="wp-image-276"/></figure>



<p>Markus Leitner</p>



<p>Zusätzlich verfügen wir über einen Pool an Stagehands und Techniker um Veranstaltungen in den entsprechenden Größen durchführen zu können.</p>

<p>Leitner und Waldherr GbR wurde in der aktuellen Geschäftsform 2013 durch Markus Leitner und Christian Waldherr gegründet, mit anderen Geschäftsformen sind wir seit mehr als 20 Jahren für Ihre Veranstaltungen am Markt. Christian Waldherr ist bereits seit Mitte der 90er Jahre im Veranstaltungsbereich aktiv, Markus Leitner seit 2001. Christian Waldherr Markus Leitner Zusätzlich verfügen wir [&hellip;]</p>
